 3*b + 4*n - 2550. List the prime factors of b.
2, 3, 47
Suppose 2*b - 66 + 14 = 0. Suppose 22*h - b = 20*h. List the prime factors of h.
13
Let d = 719 + -437. Suppose 201 = 7*a - d. What are the prime factors of a?
3, 23
Let s = 62 + -57. Suppose -5*c + 513 = j + 188, -s*c + 295 = -5*j. What are the prime factors of c?
2
Let a be 6 - -6*1/(-3). Let h be 1/((4*-1)/(-468)). Suppose -h = -7*m + a*m. List the prime factors of m.
3, 13
Suppose -u + 7*u = 210. Let n = 55 - u. What are the prime factors of n?
2, 5
Suppose 0 = -5*v + 5*k + 35, -3*k + 6 = v + 19. Let s be 2/1*5/v. Suppose -y = b - 18, 3*y - s*b + 46 = 6*y. What are the prime factors of y?
2, 11
Let t = 533 + -192. List the prime factors of t.
11, 31
List the prime factors of ((-21095)/30)/(2/(6 + -18)).
4219
Suppose -2*v - 7 = o, -2*v = 8*o - 4*o + 28. Let c(p) = 2*p**2 - 8*p + 16. What are the prime factors of c(o)?
2, 5, 17
Suppose -b + 9 + 6 = 0. Let j = -11 + b. Suppose 4*p + 3*y = 95, 13 - 1 = -j*y. List the prime factors of p.
2, 13
Let n(i) be the second derivative of -i**3/6 + 6*i**2 - 4*i. Suppose 2*d + 3*u = -6, 3*u = 4*d + 29 + 1. List the prime factors of n(d).
2, 3
Let d = -10 + 12. Let k(u) = 0*u**2 + 3*u**3 + 1 - 7*u**3 - 3*u**2 + 2*u + 2*u**d. List the prime factors of k(-2).
5
Let l(p) = -p + 57. What are the prime factors of l(-7)?
2
Let x be (-6)/(-21) - ((-414)/(-21))/6. List the prime factors of x - 32/(-5) - (-10)/(-25).
3
Suppose -6 = 2*n - 2. Let f be (-100)/(-36) + n/(-9). Suppose -i = -f*i + 42. What are the prime factors of i?
3, 7
Let p(y) = -y**3 - 7*y**2 - 10*y + 2. Let j be p(-5). Let m be 6*j/3 + 1. Suppose -5*a - k + 113 = -0*k, -a + m*k = -33. List the prime factors of a.
23
Let q = -151 + 370. List the prime factors of q.
3, 73
Suppose -v = 3*h - 863, 4*v - 7*h - 3445 = -12*h. List the prime factors of v.
2, 5, 43
Let x(d) = 25*d**2 - d + 1. Let p(k) = k**3 + 4*k**2 - 6*k - 1. Let u be p(-5). Suppose 2*t = -u*i - 3*t + 19, 4*t = i + 11. What are the prime factors of x(i)?
5
Let v = -113 + 705. Let l = v + -279. What are the prime factors of l?
313
Let s(p) = -p**3 - p**2 + 3. Let a be s(-3). Suppose 5*m = u - 9, u - 4*m - 3 = 5. Suppose u*x - x = a. List the prime factors of x.
7
Suppose -25*o + 2477 = -21*o + 3*t, -t = -2*o + 1251. What are the prime factors of o?
7, 89
Suppose -4*j + 12 = -4*c, -8*j + 4*j + 12 = -3*c. Suppose 3*p = 7*p + 3*q - 817, j*q + 618 = 3*p. List the prime factors of p.
5, 41
Suppose -244 = -4*z - 5*b + 3*b, -3*z = b - 181. List the prime factors of z.
59
Let h(r) = r - 10. Let t be h(13). Let p(b) = -7*b**t - b - 3*b + 6*b. List the prime factors of p(-2).
2, 13
Let x be (0/2)/(0 + 1). Suppose x = -h + 2*h - 80. What are the prime factors of h?
2, 5
Suppose 4*y + 5 = 5*m, -5*y + 11 = 3*m - 29. Suppose 0 = m*l - 245 - 60. What are the prime factors of l?
61
Suppose 3*n = -4*v + 2276, 0 = -11*v + 6*v - 20. What are the prime factors of n?
2, 191
Suppose -4 = 11*q - 7*q. What are the prime factors of (-4 - -3) + q + 5?
3
Suppose -28*u - 3*i + 211 = -27*u, -5*u + 5*i = -1075. What are the prime factors of u?
2, 107
Let g(w) = -29*w + 3. Let t(j) = 30*j - 2. Let z(c) = -4*g(c) - 3*t(c). What are the prime factors of z(2)?
2, 23
Let k be 1312/10 + 11/(-55). Let d = k + -65. What are the prime factors of d?
2, 3, 11
Let u be (-3 + 4)/(5/795). Suppose a = b + 53, -2*a + u = a - 4*b. What are the prime factors of a?
53
Let n(a) = 60*a**2 + 2*a - 2. Let p be n(1). Suppose 0 = 5*b + 4*m - 50 - 25, p = 4*b - 3*m. What are the prime factors of b?
3, 5
Let k = 570 - -180. List the prime factors of k.
2, 3, 5
Let r(t) = -2*t + 22. Let m(f) = -2*f + 21. Let i(l) = 6*m(l) - 7*r(l). What are the prime factors of i(16)?
2
Let w be (-2)/1 + (-52)/(-1). Suppose -4*l = l + w. What are the prime factors of 24/(-40) - 156/l?
3, 5
Let u(z) = -2*z**3 - 3*z**2 - 6*z - 6. Let b(o) = -o**3 + 15*o**2 - 13*o - 19. Let g be b(14). What are the prime factors of u(g)?
199
Let b(c) = -82*c + 144. What are the prime factors of b(-22)?
2, 487
Suppose -55 = 7*d + 1. Let v = 24 - d. What are the prime factors of v?
2
Let z(y) = y**3 - 3*y**2 + 4*y + 2. Suppose 0 = -2*a - 4*a. Let x = a + 4. What are the prime factors of z(x)?
2, 17
Suppose -3*u - 4*i + 21 = 0, 0 = -2*u - 0*u - 3*i + 15. Suppose 0 = -u*v - v, -4*m = 4*v - 908. What are the prime factors of m?
227
Suppose -3*h - h = 0. Suppose -w + h*w + 2 = 0. What are the prime factors of w?
2
Suppose 5*i = c - 6 - 1, 4*c + 17 = 5*i. Let t(y) = -22*y - 26. What are the prime factors of t(c)?
2, 3, 5
Let j = 5444 - 2934. What are the prime factors of j?
2, 5, 251
Let a = -112 + 394. What are the prime factors of a?
2, 3, 47
Let d(a) = 2*a**2 + 9*a + 14. Suppose 2*v + 8 = -4. What are the prime factors of d(v)?
2
Suppose 2*c = 3*z + 2, 2*z = -2*z - 2*c - 12. Let t be (-1 - z)*-1*0. Let r = 5 + t. List the prime factors of r.
5
Let j(k) = -168*k - 164. What are the prime factors of j(-8)?
2, 5, 59
What are the prime factors of 982 - -1 - 11/(66/(-24))?
3, 7, 47
Suppose 3*u - 20000 = -5*h, 0 = -5*h - 2*u + 25620 - 5620. List the prime factors of h.
2, 5
List the prime factors of (-286)/1859 + 862/26.
3, 11
Let n(f) = -20 + 8 + 115 + 5*f + 62. List the prime factors of n(0).
3, 5, 11
Let i(q) = q**3 - 4*q**2 - 14*q + 4. Let m be i(6). What are the prime factors of ((-4)/2)/(m/612)?
3, 17
Suppose -2 = -y + 16. Suppose 0 = -17*t + y*t - 176. What are the prime factors of t?
2, 11
Let q(z) = -z**3 + 2*z**2 + 3*z - 2. Let y be q(2). Suppose -l = l - 5*p - 117, 3*l + y*p - 118 = 0. What are the prime factors of l?
2, 23
What are the prime factors of (4 - -4)*310/4?
2, 5, 31
Let j = 124 + -119. Suppose 3*d - q - q = 284, -2*q = -j*d + 480. What are the prime factors of d?
2, 7
List the prime factors of (0 - -44)*(2220/(-16))/(-15).
11, 37
Let c(z) = 4*z**3 + 4*z**2 + 25*z - 2. What are the prime factors of c(6)?
2, 17
Suppose -14*c + 1041 = -11*c. What are the prime factors of c?
347
Suppose -11 = 2*r + 3*d, 5*r - 5*d + 62 = -d. What are the prime factors of (12/r)/((-10)/300)?
2, 3
Suppose -72 = 2*l + 3*q, -3*l - l - 128 = 2*q. Let z = -18 - l. List the prime factors of z.
2, 3
Let v = 53 + -20. Let j be 19 + -4 + (0 - -4). Let t = v - j. List the prime factors of t.
2, 7
Suppose -8*a = -9*a - 5. Let y be (56/(-35))/(2/a). Suppose y*v + 0*v - 12 = 0. List the prime factors of v.
3
List the prime factors of 2/10 + (-1000824)/(-255).
5, 157
Let u(n) = 2*n**3 + 3*n**2 - 4*n + 37. What are the prime factors of u(8)?
3, 11, 37
List the prime factors of 5/(-2)*(2 - 3132/30).
2
Let s = -18 - -19. Suppose -s - 1 = -p - 4*b, -4*p + 8 = b. List the prime factors of p.
2
Let f(q) = -7*q**2 - 4*q - 11. Let l be f(6). Let j = -138 - l. List the prime factors of j.
149
Let d(l) = l**3 - 5*l**2 + 6*l - 6. Let i be d(4). Suppose i*t + 4*t = 648. What are the prime factors of t?
2, 3
Suppose 4*w - 5*w = -5*u + 26, 2*u - 2*w - 4 = 0. Suppose u*o - 2 + 8 = 0. List the prime factors of (-2)/o + 0 - -26.
2, 7
Suppose -620 = 5*g - 4*j, -3*g - 364 = -6*j + 2*j. Let h = g - -223. What are the prime factors of h?
5, 19
Let k(h) = 2*h - 1. Let i be k(2). Suppose -5*o = 3*x - 24, 12 = x + 4*x - o. Suppose -z + 3*y + 29 = -x, 0 = i*z + y - 46. List the prime factors of z.
17
Let r(d) = d**2 - 4*d + 10. Let c(g) = -g + 1. Let q(n) = 4*c(n) - r(n). Let k be q(0). Let b = -3 - k. List the prime factors of b.
3
Suppose 25 = -l + 5*y, 0 = l + l - 3*y + 15. Suppose -3*t + 15 = 0, -4*s + 2*s + t - 39 = l. Let v = -14 - s. List the prime factors of v.
3
Suppose 10 = i + 2*z, -4*i - 7 = -4*z + 1. Let s(v) = -2*v**2 + 4*v - 2. Let l be s(i). List the prime factors of 2*(l + 18/4).
5
Let j(l) = 2*l**3 - 9*l**2 - 4*l + 2. Let m be j(5). Suppose 3*u + 3*r - 24 = 0, 0 + 44 = 2*u - 5*r. Let y = u - m. What are the prime factors of y?
5
Suppose -119 = -2*q - 5*q. Suppose -128 = -q*c + 13*c. List the prime factors of c.
2
Let p = -175 - -346. What are the prime factors of p?
3, 19
Suppose -10*t + 5*t + 565 = 0. Let i = 171 - t. What are the prime factors of i?
2, 29
Let b be 696/(-16)*(3 - 1). Let y = 156 + b. What are the prime factors of y?
3, 23
Suppose -z = 3*k - 7*k + 8, -4*z + 7 = -3*k. Suppose 18*j = 22*j - 84. Suppose -z*r + 2*o + j + 27 = 0, 5*o = r -